58*y**2 - 12174*y + 230073. Give r(21).
-3
Let m(v) = 103*v**3 + 17*v**2 - 19607*v - 19624. Determine m(-1).
-103
Let p(m) = -97*m**2 - 25286*m + 8087. What is p(-261)?
-4
Let l(m) = 598*m - 7134. Calculate l(11).
-556
Let j(k) = k**2 - 34*k + 241. Calculate j(105).
7696
Let s(z) = -2*z**3 + 24*z**2 - 182*z + 744. What is s(7)?
-40
Let m(u) = 3420*u + 47888. Determine m(-14).
8
Let i(r) = 126548*r - 506185. Calculate i(4).
7
Let k(y) = -y**2 - 9104*y - 704023. Determine k(-78).
5
Let a(v) = -5474*v**2 - 27329*v + 205. What is a(-5)?
0
Let k(q) = 3445*q - 155015. What is k(45)?
10
Let h(b) = -18*b**3 - 3277*b**2 - 184*b - 366. Determine h(-182).
-2
Let f(q) = -2*q**3 - 57*q**2 + 722*q + 46. Determine f(-38).
46
Let g(o) = 2*o**2 - 4813*o + 2889945. What is g(1150)?
-5
Let b(y) = -9*y**2 - 169*y - 155. Give b(-19).
-193
Let n(x) = -85*x - 348. Determine n(5).
-773
Let a(v) = -v**3 - 68*v**2 - 75*v - 5071. What is a(-68)?
29
Let w(q) = -6481*q + 3609910. Calculate w(557).
-7
Let r(i) = 14566*i + 29029. Calculate r(-2).
-103
Let f(u) = 15*u**3 + 638*u**2 + 298*u - 1606. Calculate f(-42).
-10
Let u(y) = -y**3 + 37*y**2 + 437*y - 164. What is u(-9)?
-371
Let m(f) = f**3 + 172*f**2 + 7380*f + 130. Determine m(-90).
130
Let x(a) = 48*a + 5647. Give x(-121).
-161
Let u(f) = 1612*f + 8061. What is u(-5)?
1
Let n(z) = -5276635*z + 10553270. Give n(2).
0
Let v(n) = n**3 - 18*n**2 + 429*n - 6934. What is v(17)?
70
Let a(f) = -1126*f - 130. What is a(1)?
-1256
Let j(o) = 3*o**3 - 11*o**2 + 73*o - 165. Determine j(4).
143
Let t(h) = h**2 - 182*h + 5313. Calculate t(42).
-567
Let m(t) = t**2 + 529107*t - 9. Determine m(0).
-9
Let g(a) = -2*a**2 - 34258*a - 14556298. Determine g(-436).
-2
Let u(i) = 10*i**3 + 1189*i**2 - 25*i + 11171. Calculate u(-119).
-15
Let k(c) = -16*c**2 + 167*c - 28. Determine k(8).
284
Let m(t) = 9*t**2 + 487*t + 1529. What is m(-52)?
541
Let d(w) = 337*w**3 - 1355*w**2 - 43*w + 244. Give d(4).
-40
Let v(l) = -2*l**3 - 107*l**2 + 37*l - 117. Determine v(-54).
801
Let l(j) = -156*j - 7747. Give l(-51).
209
Let v(f) = 87942*f + 615507. Determine v(-7).
-87
Let d(i) = -i**3 + 109*i**2 - 2815*i + 1158. Calculate d(41).
51
Let y(q) = 5*q**2 - 174*q + 22. Determine y(29).
-819
Let l(x) = -1180*x + 14281. Calculate l(12).
121
Let f(j) = 7166*j + 1777285. Determine f(-248).
117
Let z(l) = 137375*l + 4121257. What is z(-30)?
7
Let z(l) = -479*l + 6572. Give z(15).
-613
Let i(y) = -40974*y - 15119382. Calculate i(-369).
24
Let w(v) = 1513*v**2 + 31773*v + 28. Determine w(-21).
28
Let i(j) = j**3 + 656*j**2 + 90426*j + 1384. Calculate i(-459).
7
Let g(o) = -o**3 - o**2 - 63922*o - 127843. Determine g(-2).
5
Let d(m) = m**3 + 2*m**2 + 105. Calculate d(-7).
-140
Let v(j) = j**3 - 177*j**2 + 6111*j - 122. Give v(130).
8
Let a(w) = 134*w**2 + 1327*w + 2653. What is a(-2)?
535
Let r(c) = 140605*c + 984229. Calculate r(-7).
-6
Let x(l) = -7*l**3 + 910*l**2 - l + 108. Determine x(130).
-22
Let r(q) = -1875*q + 116237. Determine r(62).
-13
Let q(t) = -28*t**3 + 60*t**2 + 202*t + 1. Calculate q(-3).
691
Let m(x) = x**3 + 369*x**2 + 1973*x + 55697. Calculate m(-364).
5
Let u(k) = 34*k**3 + 4856*k**2 - 856*k + 291. Calculate u(-143).
5
Let k(n) = 3592*n - 60968. Give k(17).
96
Let s(l) = -19*l**3 - 244*l**2 + 27*l - 176. Give s(-13).
-20
Let h(q) = 2*q**2 - 159*q + 1266. Calculate h(9).
-3
Let x(o) = -o**3 + 168*o**2 + 815*o - 21885. What is x(172)?
-41
Let f(m) = -m**3 + 57*m**2 + 1084*m + 331. Determine f(-15).
271
Let y(c) = 6842*c + 697858. Give y(-102).
-26
Let v(k) = 12*k**3 + 29*k**2 + 63*k + 29. Determine v(-2).
-77
Let r(x) = -10*x**2 - 249*x - 1442. Calculate r(-11).
87
Let l(c) = 7*c**2 + 2268*c + 15502. Give l(-7).
-31
Let q(y) = 116*y**2 - 9051*y + 229. Determine q(78).
-5
Let g(x) = -2*x**3 - 362*x**2 + 2237*x - 1681. Give g(-187).
-372
Let p(q) = -3122*q + 84285. What is p(27)?
-9
Let g(j) = 846*j + 408717. Determine g(-483).
99
Let k(p) = 7880*p + 7880. Determine k(-1).
0
Let y(z) = z**3 + 485*z**2 + 1940*z + 7683. Determine y(-481).
-13
Let n(m) = m**3 + 2*m**2 - 649*m - 6791. Calculate n(-15).
19
Let n(x) = 26080*x - 260815. Determine n(10).
-15
Let k(n) = -n**3 + 12*n**2 - 1729*n + 11916. What is k(7)?
58
Let y(f) = -676305*f - 2028909. What is y(-3)?
6
Let b(n) = -2341*n + 16403. Determine b(7).
16
Let t(k) = 2*k**3 + 62*k**2 - 5677*k + 223. Determine t(-71).
10
Let q(w) = 2*w**2 + 850*w - 36179. Determine q(39).
13
Let d(b) = b**2 - 82903*b - 414538. Give d(-5).
2
Let a(h) = 192*h - 401. What is a(-3)?
-977
Let d(g) = -55*g**2 + 20737*g - 62231. Calculate d(3).
-515
Let p(x) = 3663*x - 22232. Calculate p(6).
-254
Let n(s) = -7*s**2 + 451*s + 1079. Calculate n(67).
-127
Let y(d) = 108304*d - 866710. What is y(8)?
-278
Let m(a) = 4429*a**2 + 8874*a + 3. What is m(-2)?
-29
Let c(n) = n**3 - 10*n**2 + 40*n - 322. What is c(6)?
-226
Let a(u) = u**3 - 27*u**2 + 56*u - 579. Give a(27).
933
Let z(i) = 402*i - 26259. Give z(69).
1479
Let r(y) = -109474*y - 6349490. Give r(-58).
2
Let x(f) = 5*f**2 - 256*f + 414. What is x(50)?
114
Let u(a) = -a**3 + 117458*a**2 - 704729*a + 105. Calculate u(6).
3
Let o(f) = 1782*f**2 + 42773*f + 134. Give o(-24).
14
Let x(i) = i**3 - 29*i**2 - 1675*i - 5545. What is x(59)?
60
Let s(t) = -257*t + 610. Give s(-2).
1124
Let d(g) = 3015*g - 1061237. Give d(352).
43
Let c(n) = -1471257*n + 9. Determine c(0).
9
Let u(l) = 2*l**3 - 67*l**2 + 376*l + 657. What is u(25)?
-568
Let m(y) = 62387*y + 30819177. Determine m(-494).
-1
Let a(o) = o**3 - 17*o**2 - 5*o - 489. Determine a(19).
138
Let q(b) = 12*b**2 - 74*b + 70. Determine q(-5).
740
Let n(c) = -3*c**2 + 31876*c - 509267. Determine n(16).
-19
Let w(m) = -m**3 - 43*m**2 - 442*m + 177. Give w(-24).
-159
Let v(w) = 774*w**3 - 12*w**2 + 6*w - 2. Determine v(1).
766
Let n(s) = 7504*s + 307371. Give n(-41).
-293
Let j(s) = 790*s - 31618. Calculate j(40).
-18
Let k(b) = -24*b**2 + 981*b - 873. Determine k(40).
-33
Let j(o) = -975*o - 3905. Determine j(-4).
-5
Let r(g) = 2*g**3 - 583*g**2 - 1085*g + 60393. What is r(293)?
35
Let u(y) = -42*y**2 - 124*y + 78. Give u(-6).
-690
Let k(a) = -658*a + 248712. Calculate k(378).
-12
Let p(m) = -m**3 + 991*m**2 - 13679*m + 24. Give p(14).
10
Let t(i) = -24*i**2 + 18*i - 59. Determine t(-4).
-515
Let v(d) = -5*d**3 + 173*d**2 - 163*d + 2102. Give v(34).
28
Let m(r) = -r**3 + 126*r**2 + 277*r - 5981. What is m(128)?
-3293
Let t(a) = 3*a**3 + 180*a**2 + 995*a + 1460. Determine t(-54).
218
Let s(w) = 6*w**2 - 905*w - 2070. Determine s(153).
-81
Let b(x) = x**3 + 93*x**2 - 913*x + 526. Determine b(-102).
16
Let w(f) = 1588*f - 8132. Calculate w(7).
2984
Let b(a) = -3*a**3 + 12*a**2 - 40*a + 19. Give b(7).
-702
Let f(b) = -1333*b - 45384. Determine f(-34).
-62
Let b(p) = -p**3 + 5*p**2 - 4112*p - 12377. Determine b(-3).
31
Let i(h) = -h**2 - 294*h - 16348. What is i(-220)?
-68
Let l(v) = -4915*v - 1607210. What is l(-327)?
-5
Let u(f) = -f**3 - 136*f**2 - 2142*f - 1686. Determine u(-118).
438
Let i(z) = -2919*z + 280217. Give i(96).
-7
Let f(a) = -9*a**2 + 165*a - 123. Calculate f(19).
-237
Let f(d) = d**2 - 4718*d - 447381. Give f(-93).
42
Let p(m) = -409*m + 6954. What is p(17)?
1
Let r(h) = -496*h - 1759. Determine r(-3).
-271
Let j(z) = 317*z - 74804. Give j(236).
8
Let d(h) = -45*h**3 - 4*h**2 - 106*h - 291. Calculate d(-3).
1206
Let d(c) = 2*c**3 + 159*c**2 + 166*c - 5341. What is d(-78)?
-37
Let g(p) = -2*p**3 + 17*p**2 + 702*p - 44. What is g(-15)?
1
Let d(m) = m**2 + 243*m + 11545. Give d(-62).
323
Let r(u) = 6*u**3 - 11*u**2 - 109*u + 367. Give r(3).
103
Let h(z) = z**2 - 36*z - 1033. Determine h(-19).
12
Let x(o) = 10*o**2 - 4626*o + 492345. Calculate x(166).
-11
Let u(y) = 155996*y + 936143. What is u(-6)?
167
Let o(x) = -18503*x + 166518. What is o(9)?
-9
Let z(s) = -3*s**3 - 19*s**2 - s - 122. What is z(-8)?
206
Let v(u) = 15561*u**2 - 93342*u - 127. What is v(6)?
17
Let m(d) = d**2 - 33*d + 376. Calculate m(18).
106
Let z(s) = -739*s + 59116. What is z(80)?
-4
Let h(y) = -13*y**3 - 16*y**2 - 1065*y - 2167. What is h(-2)?
3
Let u(q) = -85*q**2 - 4510*q + 211796. Determine u(30).
-4
Let j(a) = 15*a**2 - 162*a - 1028. Give j(-5).
157
Let s(l) = 7257*l + 8468921. Determine s(-1167).
2
Let v(r) = r**2 - 78*r + 511. Calculate